t is -2 + -7b83?
-7b85
In base 6, what is -105 + -2031?
-2140
In base 6, what is -1011 - -132?
-435
In base 4, what is -110321332 - 0?
-110321332
In base 5, what is -2320031 - -44?
-2314432
In base 6, what is 1450 + 4344?
10234
In base 15, what is 64a87 - 0?
64a87
In base 15, what is 4 + -17da?
-17d6
In base 7, what is 61 - 60432?
-60341
In base 8, what is -3 + 75464?
75461
In base 3, what is -100021 + 122011?
21220
In base 12, what is -187b + -506?
-2185
In base 10, what is 29089 + 2?
29091
In base 11, what is -8a4870 + 1?
-8a486a
In base 3, what is 120122 - 111012111?
-110121212
In base 8, what is 6 - -14073?
14101
In base 7, what is -13 + -236314?
-236330
In base 6, what is 245002 - 11?
244551
In base 5, what is 42111140 + 10?
42111200
In base 10, what is 28678 + -22?
28656
In base 2, what is 11110011111100100 + 11?
11110011111100111
In base 3, what is 10002012 - -10?
10002022
In base 2, what is -10111 - 100000100000?
-100000110111
In base 5, what is -3241314 + -2?
-3241321
In base 6, what is -14 + 1243425?
1243411
In base 14, what is -5b + 633?
5b6
In base 9, what is 17 + 56534?
56552
In base 6, what is 54033 - 111?
53522
In base 6, what is -202243 - 2?
-202245
In base 15, what is -d7 + -39?
-121
In base 14, what is -c9 - -88?
-41
In base 16, what is -df + -153?
-232
In base 5, what is 132011043 - -10?
132011103
In base 4, what is 12200 - 121?
12013
In base 3, what is 22221011010011 + -10?
22221011010001
In base 12, what is 3225 - 584?
2861
In base 9, what is 5 - 3027?
-3022
In base 6, what is -1 + 2041?
2040
In base 3, what is 122221121 - 1?
122221120
In base 7, what is 543215 + 3?
543221
In base 9, what is 347 - -2882?
3340
In base 13, what is -32393 + 4?
-3238c
In base 14, what is 30d - 31?
2bc
In base 6, what is -340 - 20?
-400
In base 7, what is 160520405 + -4?
160520401
In base 15, what is -2 - 358b?
-358d
In base 10, what is -3924 - -8?
-3916
In base 4, what is -332 - -203331?
202333
In base 9, what is 8306 + -180?
8116
In base 6, what is -344403 - 41?
-344444
In base 13, what is 13 - 31c?
-309
In base 12, what is 3282 + -64?
321a
In base 16, what is d - -15c0?
15cd
In base 14, what is -aa + -a84d?
-a919
In base 3, what is 12000 + -1222?
10001
In base 11, what is -5 - -102014?
10200a
In base 15, what is 81b + 44c?
c68
In base 10, what is -5581 - 14?
-5595
In base 8, what is -51 - -561?
510
In base 15, what is -3c8 + -b2?
-48a
In base 5, what is -3234 + -13?
-3302
In base 4, what is 11322331221 + -1?
11322331220
In base 5, what is 302013432 - 0?
302013432
In base 5, what is -411 + -3023?
-3434
In base 5, what is 3 + -21403223?
-21403220
In base 14, what is -8 + 14d47?
14d3d
In base 13, what is -9225 - 7?
-922c
In base 10, what is 2107 + -7?
2100
In base 2, what is -1011000000 - -11000101011?
1101101011
In base 16, what is -f + -1958?
-1967
In base 7, what is 432 + 3442?
4204
In base 14, what is -16b + 202?
75
In base 13, what is -24 + -113?
-137
In base 13, what is -86b9 - 80?
-8769
In base 11, what is -92 + -26793?
-26875
In base 4, what is 0 - 200321?
-200321
In base 8, what is 215023 + -4?
215017
In base 2, what is 100111110000001 - 111?
100111101111010
In base 4, what is 10 + 1323122?
1323132
In base 15, what is 2 - -64d4?
64d6
In base 4, what is 2213023322 - 10?
2213023312
In base 8, what is 1 + 170471?
170472
In base 12, what is 359 - 1283?
-b26
In base 15, what is 10925 + 3?
10928
In base 5, what is -13231234 - -12?
-13231222
In base 13, what is -58129 + 1?
-58128
In base 8, what is 742 - -614?
1556
In base 16, what is 44afc2 + 2?
44afc4
In base 12, what is -8b0 + -3?
-8b3
In base 10, what is 25 - -598?
623
In base 13, what is -1b4 - 1c6?
-3aa
In base 8, what is 115 - 13132?
-13015
In base 8, what is 31077 + -16?
31061
In base 8, what is -463 - 236?
-721
In base 14, what is -344 - -a01?
69b
In base 9, what is -245 + -13731?
-14076
In base 14, what is -5095ad + -4?
-5095b3
In base 6, what is 0 - 133535?
-133535
In base 6, what is 5 - -135012?
135021
In base 9, what is -1006 - -276?
-620
In base 6, what is -52211 + -224?
-52435
In base 2, what is -1000000111 + -1110010?
-1001111001
In base 7, what is 14130201 + -2?
14130166
In base 15, what is 2e84 - -49?
2ecd
In base 14, what is -2 - -c8d1?
c8cd
In base 12, what is -1 + 2998?
2997
In base 7, what is -15 + 1054210?
1054162
In base 8, what is -136077 - 1?
-136100
In base 15, what is 117732 + 5?
117737
In base 13, what is 12 - -4586?
4598
In base 10, what is 86527 + 3?
86530
In base 16, what is -466db - -4?
-466d7
In base 14, what is 20 + 866?
886
In base 12, what is 47 - 19?
2a
In base 7, what is 113621 - -23?
113644
In base 6, what is -2145040 - -4?
-2145032
In base 15, what is 15 + -422?
-40c
In base 10, what is -26 - 895?
-921
In base 12, what is -122214 + 2?
-122212
In base 7, what is 1 + 2344?
2345
In base 2, what is -101 - -110110011101100?
110110011100111
In base 3, what is 120 - -212211?
220101
In base 11, what is -3a1077 - 1?
-3a1078
In base 8, what is -3 - 411033?
-411036
In base 12, what is 2 - 199a1?
-1999b
In base 10, what is 2 + -22490?
-22488
In base 3, what is -2 + 111012110?
111012101
In base 4, what is -111331 + 20113?
-31212
In base 4, what is 3020 + 1002?
10022
In base 3, what is -11221222 + -110111?
-12102110
In base 2, what is -111010 - -101000101100?
100111110010
In base 16, what is a + -3ad7?
-3acd
In base 2, what is 100111000111101001 - 1?
100111000111101000
In base 10, what is -6492 - 25?
-6517
In base 15, what is 5 + 43b91?
43b96
In base 2, what is 11000101101 - -11?
11000110000
In base 3, what is -12 - -2200210022?
2200210010
In base 7, what is 16 - -304220?
304236
In base 7, what is -32 - 55266?
-55331
In base 5, what is -112400 - 114?
-113014
In base 8, what is -5 - -100720?
100713
In base 13, what is 1 - -8619a?
8619b
In base 9, what is -3527 + 116?
-3411
In base 10, what is -2 - 49408?
-49410
In base 14, what is a3 - -3d?
102
In base 11, what is -11565 - 0?
-11565
In base 12, what is 34a - 39b3?
-3665
In base 3, what is 12202202101 + -2?
12202202022
In base 16, what is 57d + 2b?
5a8
In base 2, what is 100 + -100011101110?
-100011101010
In base 12, what is -176a8 - -99?
-1760b
In base 5, what is -1302 - 1334?
-3141
In base 7, what is 3014 + -145?
2536
In base 12, what is -1a - -ba64?
ba46
In base 3, what is -10202001101 - -120?
-10202000211
In base 10, what is 2357 - 474?
1883
In base 9, what is -71 + 4?
-66
In base 4, what is -30312103002 + 0?
-30312103002
In base 10, what is -112770 + 0?
-112770
In base 8, what is -1163023 + -4?
-1163027
In base 16, what is -f6418 - -1?
-f6417
In base 5, what is -1432412 + 140?
-1432222
In base 2, what is 101010 + 1011010000?
1011111010
In base 10, what is -21132 - -3?
-21129
In base 5, what is 1240 - -333243?
340033
In base 8, what is -1334 - 33?
-1367
In base 5, what is 14 - -2210?
2224
In base 14, what is 4 - 25a142?
-25a13c
In base 11, what is 870838 + -4?
870834
In base 4, what is -2100 + 2333?
233
In base 14, what is -20c4 - 34?
-2118
In base 10, what is -4 + -538686?
-538690
In base 7, what is 24332 + 1?
24333
In base 13, what is 40a8 - -1cc?
42a7
In base 14, what is -4bb + -a?
-4c7
In base 9, what is 1212 - -15?
1227
In base 5, what is -31322 - 3?
-31330
In base 11, what is -150 - -163?
13
In base 8, what is -1451 + 46?
-1403
In base 7, what is 6561130 - -2?
6561132
In base 12, what is 2b9b + 30?
300b
In base 10, what is 2 + 28944?
28946
In base 9, what is -20 + -73681?
-73711
In base 15, what is -21 - 5d43?
-5d64
In base 3, what is 1012221210 - 10?
1012221200
In base 5, what is -1442442 + 3?
-1442434
In base 15, what is 23 + 54d0?
5503
In base 10, what is 74 + 132?
206
In base 11, what is 42 + 969?
a00
In base 4, what is -1113122223 + -1?
-1113122230
In base 7, what is 105 - 2662?
-2554
In base 7, what is 315 - -16?
334
In base 2, what is -11011 + 1000001100?
111110001
In base 5, what is -143 - 2433033?
-2433231
In base 16, what is -35 - -12e7?
12b2
In base 2, what is -10110001 + 10111010?
1001
In base 8, what is 2415 + -42?
2353
In base 2, what is 10001111011 - -1001011?
10011000110
In base 2, what is -111100100 + 1011100010010?
1010100101110
In base 13, what is a + -3b38?
-3b2b
In base 10, what is -87198 + 4?
-87194
In base 14, what is -95ba - -2?
-95b8
In base 11, what is -5 + 23555?
23550
In base